ple of 46?
True
Is 189 a factor of 188433?
True
Is 1559710 a multiple of 95?
True
Does 10 divide 101366?
False
Is 15 a factor of 84334?
False
Is 15 a factor of 7460?
False
Does 26 divide 616411?
False
Does 54 divide 1764774?
True
Is 934876 a multiple of 28?
False
Is 188 a factor of 504780?
True
Does 16 divide 5137968?
True
Is 6507388 a multiple of 40?
False
Is 11 a factor of 5287928?
False
Does 8 divide 2882890?
False
Is 23608 a multiple of 227?
True
Is 48 a factor of 156915?
False
Is 15943 a multiple of 4?
False
Is 4646184 a multiple of 46?
True
Is 2 a factor of 2340089?
False
Does 21 divide 1301244?
True
Is 4552381 a multiple of 34?
False
Does 96 divide 407344?
False
Does 152 divide 8592553?
False
Does 17 divide 66447?
False
Is 69079 a multiple of 2?
False
Is 949222 a multiple of 314?
True
Does 356 divide 23740?
False
Does 145 divide 759317?
False
Is 263232 a multiple of 18?
True
Does 10 divide 1777611?
False
Is 21 a factor of 2894703?
True
Is 41 a factor of 1066246?
True
Is 118365 a multiple of 5?
True
Is 2911500 a multiple of 45?
True
Is 151 a factor of 10865342?
False
Is 198005 a multiple of 874?
False
Does 8 divide 296981?
False
Is 687680 a multiple of 8?
True
Is 6190821 a multiple of 160?
False
Is 531 a factor of 54693?
True
Does 336 divide 845787?
False
Is 871894 a multiple of 73?
False
Is 1092 a multiple of 84?
True
Is 10 a factor of 757?
False
Does 159 divide 1167741?
False
Is 4 a factor of 267345?
False
Is 9 a factor of 157347?
True
Does 206 divide 707705?
False
Is 519010 a multiple of 10?
True
Is 20 a factor of 981383?
False
Does 15 divide 459660?
True
Is 4195 a multiple of 12?
False
Is 6712963 a multiple of 68?
False
Does 33 divide 45174?
False
Is 11 a factor of 153657?
False
Is 2719 even?
False
Is 288 a factor of 1564144?
False
Does 18 divide 136071?
False
Is 41 a factor of 220376?
False
Does 28 divide 277508?
True
Does 5 divide 1044597?
False
Is 507 a factor of 566826?
True
Is 12 a factor of 8495604?
True
Is 1858014 a multiple of 218?
True
Does 407 divide 354668?
False
Is 176175 a multiple of 75?
True
Is 6376799 a multiple of 13?
True
Is 17 a factor of 2885762?
False
Is 227058 a multiple of 78?
True
Is 176064 a multiple of 96?
True
Is 307 a factor of 173103?
False
Is 19 a factor of 171553?
False
Does 299 divide 11592529?
True
Does 21 divide 8862?
True
Is 3177 a multiple of 20?
False
Is 14024192 a multiple of 256?
True
Does 29 divide 6594?
False
Is 19 a factor of 81047?
False
Is 25342 a multiple of 12?
False
Is 62 a factor of 122078?
True
Does 229 divide 81295?
True
Is 11596720 a multiple of 40?
True
Is 311322 a multiple of 318?
True
Is 1001660 a multiple of 22?
True
Does 1374 divide 2818074?
True
Does 33 divide 203871?
False
Is 16552 a multiple of 2?
True
Does 131 divide 34960?
False
Is 6 a factor of 124679?
False
Does 238 divide 696388?
True
Is 3385820 a multiple of 1333?
True
Does 12 divide 188596?
False
Is 117 a factor of 5486013?
True
Is 33 a factor of 1484903?
False
Is 44 a factor of 9416?
True
Is 10 a factor of 342035?
False
Is 13 a factor of 170573?
True
Is 77290 a multiple of 15?
False
Is 14 a factor of 140812?
True
Is 13 a factor of 39909?
False
Is 124 a factor of 118145?
False
Is 33 a factor of 5248221?
True
Is 2885891 a multiple of 226?
False
Does 21 divide 108402?
True
Is 3 a factor of 4730?
False
Is 110 a factor of 318238?
False
Is 198 a factor of 342540?
True
Is 141 a factor of 5615742?
False
Is 14 a factor of 2451862?
True
Does 10 divide 116189?
False
Does 23 divide 5151138?
False
Is 2640526 a multiple of 14?
True
Is 3911628 a multiple of 42?
True
Is 4 a factor of 20927?
False
Is 626518 a multiple of 34?
True
Is 157 a factor of 54950?
True
Is 101 a factor of 4069808?
False
Is 425231 a multiple of 65?
False
Does 36 divide 3108603?
False
Does 35 divide 1130710?
True
Does 3 divide 663154?
False
Does 132 divide 536574?
False
Is 2262590 a multiple of 16?
False
Is 12206754 a multiple of 14?
True
Is 1254 a factor of 15805416?
True
Does 4 divide 53380?
True
Is 2262942 a multiple of 1229?
False
Is 619346 a multiple of 37?
False
Is 2809931 a multiple of 113?
False
Does 46 divide 867148?
False
Is 301193 a multiple of 10?
False
Does 580 divide 178929?
False
Is 11 a factor of 1775989?
False
Does 9 divide 866934?
True
Is 7176584 a multiple of 136?
True
Does 114 divide 115824?
True
Is 545 a factor of 1389750?
True
Is 754 a factor of 895128?
False
Is 249410 a multiple of 509?
True
Is 1173216 a multiple of 11?
True
Does 81 divide 1866645?
True
Does 25 divide 22497?
False
Is 328267 a multiple of 463?
True
Is 1824383 a multiple of 16?
False
Is 17225 a multiple of 13?
True
Is 789 a factor of 8297124?
True
Does 60 divide 142822?
False
Is 23 a factor of 3481073?
True
Does 503 divide 1761432?
False
Does 249 divide 2916751?
False
Does 78 divide 34826?
False
Does 34 divide 195772?
True
Does 118 divide 1481608?
True
Does 320 divide 1657920?
True
Is 749245 a multiple of 188?
False
Is 985 a multiple of 8?
False
Does 105 divide 1537515?
True
Is 925 a factor of 1207179?
False
Does 74 divide 5106?
True
Is 12 a factor of 382632?
True
Is 9316897 a multiple of 24?
False
Does 596 divide 2735508?
False
Does 67 divide 26386?
False
Does 12 divide 6804?
True
Is 522 even?
True
Is 1695904 a multiple of 123?
False
Is 68 a factor of 368812?
False
Does 8 divide 111072?
True
Does 234 divide 3073670?
False
Does 46 divide 3944309?
False
Is 105832 a multiple of 27?
False
Is 79 a factor of 2641523?
True
Does 15 divide 322265?
False
Does 220 divide 280063?
False
Does 108 divide 1224288?
True
Is 713658 a multiple of 121?
True
Is 6 a factor of 51162?
True
Is 14 a factor of 8449483?
False
Is 1771833 a multiple of 15?
False
Is 7982040 a multiple of 20?
True
Is 111376 a multiple of 738?
False
Does 33 divide 39765?
True
Is 34194 a multiple of 167?
False
Does 21 divide 508011?
True
Is 17 a factor of 112080?
False
Is 24798128 a multiple of 36?
False
Is 145179 a multiple of 27?
True
Does 43 divide 939163?
True
Is 247570 a multiple of 17?
False
Does 8 divide 24469?
False
Does 12 divide 3967872?
True
Is 616636 a multiple of 4?
True
Is 4 a factor of 146392?
True
Does 1007 divide 14893972?
False
Is 1200912 a multiple of 8?
True
Is 489764 a multiple of 44?
True
Does 6 divide 550116?
True
Does 599 divide 2275456?
False
Is 270 a factor of 1060029?
False
Does 769 divide 6246587?
True
Is 927 a factor of 4536946?
False
Does 54 divide 67770?
True
Does 15 divide 48810?
True
Is 26 a factor of 22204?
True
Is 2476130 a multiple of 5?
True
Is 24 a factor of 228192?
True
Is 2281213 a multiple of 11?
True
Does 19 divide 6842163?
False
Is 3374499 a multiple of 83?
False
Is 153920 a multiple of 85?
False
Is 29 a factor of 261812?
True
Is 278173 a multiple of 474?
False
Is 2169384 a multiple of 343?
False
Is 18 a factor of 6649936?
False
Is 18 a factor of 323245?
False
Is 641578 a multiple of 358?
False
Does 9 divide 5337?
True
Is 270 a factor of 27810?
True
Is 14337177 a multiple of 1394?
False
Is 50 a factor of 3939103?
False
Is 211 a factor of 29475?
False
Is 26 a factor of 307606?
True
Does 340 divide 685333?
False
Is 194 a factor of 7682012?
True
Is 94 a factor of 708760?
True
Is 40 a factor of 472000?
True
Does 21 divide 506258?
False
Does 6 divide 80818?
False
Is 362 a factor of 23168?
True
Does 6 divide 1418?
False
Is 2 a factor of 2425?
False
Is 90 a factor of 1320660?
True
Is 43 a factor of 187917?
False
Is 1379730 a multiple of 330?
True
Is 265334 a multiple of 107?
False
Does 39 divide 3641978?
False
Is 3 a factor of 11233?
False
Does 14 divide 67004?
True
Does 58 divide 28914?
False
Is 8 a factor of 20856?
True
Does 97 divide 429251?
False
Is 5910022 a multiple of 163?
False
Is 239 a factor of 33221?
True
Is 7493823 a multiple of 86?
False
Does 1877 divide 992080?
False
Is 312 a factor of 6709907?
False
Is 1029100 a multiple of 251?
True
Is 121776 a multiple of 16?
True
Is 274010 a multiple of 327?
False
Does 22 divide 141171?
False
Does 100 divide 17201000?
True
Is 81243 a multiple of 59?
True
Is 198817 a multiple of 140?
False
Does 7 divide 4646?
False
Is 15 a factor of 1463493?
False
Is 199327 a multiple of 650?
False
Is 2794614 a multiple of 5?
False
Is 4 a factor of 24886?
False
Is 305 a factor of 93025?
True
Is 68 a factor of 710080?
False
Is 376 a factor of 76328?
Tru